20.171.207.181 - - [10/Sep/2025:01:51:18 +0600] "GET /jp/NDc2ODQ3OA HTTP/2" 200 0 "-" "Mozilla/5.0 AppleWebKit/537.36 (KHTML, like Gecko; compatible; GPTBot/1.2; +https://openai.com/gptbot)"
20.171.207.181 - - [10/Sep/2025:01:51:20 +0600] "GET /jp/Mzc1NTM1OA HTTP/2" 200 0 "-" "Mozilla/5.0 AppleWebKit/537.36 (KHTML, like Gecko; compatible; GPTBot/1.2; +https://openai.com/gptbot)"
20.171.207.181 - - [10/Sep/2025:01:51:22 +0600] "GET /jp/NDU0OTI4OQ HTTP/2" 200 0 "-" "Mozilla/5.0 AppleWebKit/537.36 (KHTML, like Gecko; compatible; GPTBot/1.2; +https://openai.com/gptbot)"
20.171.207.181 - - [10/Sep/2025:01:51:25 +0600] "GET /jp/MjM3MTQ3NA HTTP/2" 200 0 "-" "Mozilla/5.0 AppleWebKit/537.36 (KHTML, like Gecko; compatible; GPTBot/1.2; +https://openai.com/gptbot)"
20.171.207.181 - - [10/Sep/2025:01:51:27 +0600] "GET /jp/Mzk1MDU2OQ HTTP/2" 200 0 "-" "Mozilla/5.0 AppleWebKit/537.36 (KHTML, like Gecko; compatible; GPTBot/1.2; +https://openai.com/gptbot)"
20.171.207.181 - - [10/Sep/2025:01:51:29 +0600] "GET /jp/NDU1NzI4OA HTTP/2" 200 0 "-" "Mozilla/5.0 AppleWebKit/537.36 (KHTML, like Gecko; compatible; GPTBot/1.2; +https://openai.com/gptbot)"
20.171.207.181 - - [10/Sep/2025:01:51:31 +0600] "GET /jp/NDk4MDQ1Mg HTTP/2" 200 0 "-" "Mozilla/5.0 AppleWebKit/537.36 (KHTML, like Gecko; compatible; GPTBot/1.2; +https://openai.com/gptbot)"
20.171.207.181 - - [10/Sep/2025:01:51:33 +0600] "GET /jp/MTg4MzE4NQ HTTP/2" 200 0 "-" "Mozilla/5.0 AppleWebKit/537.36 (KHTML, like Gecko; compatible; GPTBot/1.2; +https://openai.com/gptbot)"
20.171.207.181 - - [10/Sep/2025:01:51:36 +0600] "GET /jp/MjQ4MjE4Ng HTTP/2" 200 0 "-" "Mozilla/5.0 AppleWebKit/537.36 (KHTML, like Gecko; compatible; GPTBot/1.2; +https://openai.com/gptbot)"
20.171.207.181 - - [10/Sep/2025:01:51:39 +0600] "GET /jp/MTc4Mjg2Nw HTTP/2" 200 0 "-" "Mozilla/5.0 AppleWebKit/537.36 (KHTML, like Gecko; compatible; GPTBot/1.2; +https://openai.com/gptbot)"
20.171.207.181 - - [10/Sep/2025:01:51:41 +0600] "GET /jp/NDI1NDc2MA HTTP/2" 200 0 "-" "Mozilla/5.0 AppleWebKit/537.36 (KHTML, like Gecko; compatible; GPTBot/1.2; +https://openai.com/gptbot)"
185.151.245.196 - - [10/Sep/2025:01:51:41 +0600] "POST /input.php HTTP/2" 200 49 "-" "Opera/9.80 (Windows NT 6.1) Presto/2.12.388 Version/12.14"
20.171.207.181 - - [10/Sep/2025:01:51:45 +0600] "GET /jp/Mzg3Njk3MA HTTP/2" 200 0 "-" "Mozilla/5.0 AppleWebKit/537.36 (KHTML, like Gecko; compatible; GPTBot/1.2; +https://openai.com/gptbot)"
93.123.109.81 - - [10/Sep/2025:01:51:46 +0600] "GET /.env.save HTTP/1.1" 200 0 "-" "Mozilla/5.0 (X11; Linux x86_64) AppleWebKit/537.36 (KHTML, like Gecko) Chrome/81.0.4044.129 Safari/537.36"
20.171.207.181 - - [10/Sep/2025:01:51:47 +0600] "GET /jp/Mjc3Njk1MA HTTP/2" 200 0 "-" "Mozilla/5.0 AppleWebKit/537.36 (KHTML, like Gecko; compatible; GPTBot/1.2; +https://openai.com/gptbot)"
93.123.109.81 - - [10/Sep/2025:01:51:49 +0600] "GET /api/.env HTTP/1.1" 200 0 "-" "Mozilla/5.0 (X11; Linux x86_64) AppleWebKit/537.36 (KHTML, like Gecko) Chrome/81.0.4044.129 Safari/537.36"
20.171.207.181 - - [10/Sep/2025:01:51:50 +0600] "GET /jp/MjE5MDI1OA HTTP/2" 200 0 "-" "Mozilla/5.0 AppleWebKit/537.36 (KHTML, like Gecko; compatible; GPTBot/1.2; +https://openai.com/gptbot)"
185.151.245.196 - - [10/Sep/2025:01:51:51 +0600] "POST /input.php HTTP/2" 200 49 "-" "Mozilla/5.0 (Windows NT 6.1) AppleWebKit/537.36 (KHTML, like Gecko) Chrome/50.0.2645.4 Safari/537.36"
20.171.207.181 - - [10/Sep/2025:01:51:53 +0600] "GET /jp/MzI4Mzg2MQ HTTP/2" 200 0 "-" "Mozilla/5.0 AppleWebKit/537.36 (KHTML, like Gecko; compatible; GPTBot/1.2; +https://openai.com/gptbot)"
20.171.207.181 - - [10/Sep/2025:01:51:56 +0600] "GET /jp/Mjk1MTQ1MA HTTP/2" 200 0 "-" "Mozilla/5.0 AppleWebKit/537.36 (KHTML, like Gecko; compatible; GPTBot/1.2; +https://openai.com/gptbot)"
20.171.207.181 - - [10/Sep/2025:01:51:58 +0600] "GET /jp/Mjk1OTg2OQ HTTP/2" 200 0 "-" "Mozilla/5.0 AppleWebKit/537.36 (KHTML, like Gecko; compatible; GPTBot/1.2; +https://openai.com/gptbot)"
20.171.207.181 - - [10/Sep/2025:01:52:03 +0600] "GET /jp/Mjk0NjI2OA HTTP/2" 200 0 "-" "Mozilla/5.0 AppleWebKit/537.36 (KHTML, like Gecko; compatible; GPTBot/1.2; +https://openai.com/gptbot)"
93.123.109.81 - - [10/Sep/2025:01:52:05 +0600] "GET /backend/.env HTTP/1.1" 200 0 "-" "Mozilla/5.0 (X11; Linux x86_64) AppleWebKit/537.36 (KHTML, like Gecko) Chrome/81.0.4044.129 Safari/537.36"
93.123.109.81 - - [10/Sep/2025:01:52:06 +0600] "GET /.env.example HTTP/1.1" 200 0 "-" "Mozilla/5.0 (X11; Linux x86_64) AppleWebKit/537.36 (KHTML, like Gecko) Chrome/81.0.4044.129 Safari/537.36"
20.171.207.181 - - [10/Sep/2025:01:52:07 +0600] "GET /jp/NTI2NDE3NA HTTP/2" 200 0 "-" "Mozilla/5.0 AppleWebKit/537.36 (KHTML, like Gecko; compatible; GPTBot/1.2; +https://openai.com/gptbot)"
20.171.207.181 - - [10/Sep/2025:01:52:09 +0600] "GET /jp/MTg2NjQ5Mw HTTP/2" 200 0 "-" "Mozilla/5.0 AppleWebKit/537.36 (KHTML, like Gecko; compatible; GPTBot/1.2; +https://openai.com/gptbot)"
93.123.109.81 - - [10/Sep/2025:01:52:10 +0600] "GET /info HTTP/1.1" 200 0 "-" "Mozilla/5.0 (X11; Linux x86_64) AppleWebKit/537.36 (KHTML, like Gecko) Chrome/81.0.4044.129 Safari/537.36"
20.171.207.181 - - [10/Sep/2025:01:52:11 +0600] "GET /jp/NDU1OTU3OA HTTP/2" 200 0 "-" "Mozilla/5.0 AppleWebKit/537.36 (KHTML, like Gecko; compatible; GPTBot/1.2; +https://openai.com/gptbot)"
20.171.207.181 - - [10/Sep/2025:01:52:14 +0600] "GET /jp/NDA0NjM5Mg HTTP/2" 200 0 "-" "Mozilla/5.0 AppleWebKit/537.36 (KHTML, like Gecko; compatible; GPTBot/1.2; +https://openai.com/gptbot)"
20.171.207.181 - - [10/Sep/2025:01:52:16 +0600] "GET /jp/MTY4NTk0Nw HTTP/2" 200 0 "-" "Mozilla/5.0 AppleWebKit/537.36 (KHTML, like Gecko; compatible; GPTBot/1.2; +https://openai.com/gptbot)"
20.171.207.181 - - [10/Sep/2025:01:52:18 +0600] "GET /jp/NDI4NDk0OA HTTP/2" 200 0 "-" "Mozilla/5.0 AppleWebKit/537.36 (KHTML, like Gecko; compatible; GPTBot/1.2; +https://openai.com/gptbot)"
20.171.207.181 - - [10/Sep/2025:01:52:20 +0600] "GET /jp/MTY3MTc1MQ HTTP/2" 200 0 "-" "Mozilla/5.0 AppleWebKit/537.36 (KHTML, like Gecko; compatible; GPTBot/1.2; +https://openai.com/gptbot)"
20.171.207.181 - - [10/Sep/2025:01:52:23 +0600] "GET /jp/NDg1NjI1MA HTTP/2" 200 0 "-" "Mozilla/5.0 AppleWebKit/537.36 (KHTML, like Gecko; compatible; GPTBot/1.2; +https://openai.com/gptbot)"
20.171.207.181 - - [10/Sep/2025:01:52:25 +0600] "GET /jp/MTU5NTU1Mg HTTP/2" 200 0 "-" "Mozilla/5.0 AppleWebKit/537.36 (KHTML, like Gecko; compatible; GPTBot/1.2; +https://openai.com/gptbot)"
20.171.207.181 - - [10/Sep/2025:01:52:28 +0600] "GET /jp/MjE5Mjc2Mg HTTP/2" 200 0 "-" "Mozilla/5.0 AppleWebKit/537.36 (KHTML, like Gecko; compatible; GPTBot/1.2; +https://openai.com/gptbot)"
185.151.245.196 - - [10/Sep/2025:01:52:28 +0600] "POST /input.php HTTP/2" 200 49 "-" "Mozilla/5.0 (Windows NT 6.2; Win64; x64; rv:27.0) Gecko/20121011 Firefox/27.0"
20.171.207.181 - - [10/Sep/2025:01:52:30 +0600] "GET /jp/NDg0Mzk5Ng HTTP/2" 200 0 "-" "Mozilla/5.0 AppleWebKit/537.36 (KHTML, like Gecko; compatible; GPTBot/1.2; +https://openai.com/gptbot)"
20.171.207.181 - - [10/Sep/2025:01:52:33 +0600] "GET /jp/NDI0NjA3Mw HTTP/2" 200 0 "-" "Mozilla/5.0 AppleWebKit/537.36 (KHTML, like Gecko; compatible; GPTBot/1.2; +https://openai.com/gptbot)"
20.171.207.181 - - [10/Sep/2025:01:52:36 +0600] "GET /jp/MzA4NTM2OA HTTP/2" 200 0 "-" "Mozilla/5.0 AppleWebKit/537.36 (KHTML, like Gecko; compatible; GPTBot/1.2; +https://openai.com/gptbot)"
20.171.207.181 - - [10/Sep/2025:01:52:39 +0600] "GET /jp/MzA5MTU5MQ HTTP/2" 200 0 "-" "Mozilla/5.0 AppleWebKit/537.36 (KHTML, like Gecko; compatible; GPTBot/1.2; +https://openai.com/gptbot)"
20.171.207.181 - - [10/Sep/2025:01:52:42 +0600] "GET /jp/MTc2Njg2OQ HTTP/2" 200 0 "-" "Mozilla/5.0 AppleWebKit/537.36 (KHTML, like Gecko; compatible; GPTBot/1.2; +https://openai.com/gptbot)"
20.171.207.181 - - [10/Sep/2025:01:52:44 +0600] "GET /jp/MjM1MDU0MA HTTP/2" 200 0 "-" "Mozilla/5.0 AppleWebKit/537.36 (KHTML, like Gecko; compatible; GPTBot/1.2; +https://openai.com/gptbot)"
20.171.207.181 - - [10/Sep/2025:01:52:46 +0600] "GET /jp/MjE3NTQ5Ng HTTP/2" 200 0 "-" "Mozilla/5.0 AppleWebKit/537.36 (KHTML, like Gecko; compatible; GPTBot/1.2; +https://openai.com/gptbot)"
20.171.207.181 - - [10/Sep/2025:01:52:49 +0600] "GET /jp/MjE0MTc5NQ HTTP/2" 200 0 "-" "Mozilla/5.0 AppleWebKit/537.36 (KHTML, like Gecko; compatible; GPTBot/1.2; +https://openai.com/gptbot)"
20.171.207.181 - - [10/Sep/2025:01:52:51 +0600] "GET /buy.php/item/d681/3347726 HTTP/2" 200 0 "-" "Mozilla/5.0 AppleWebKit/537.36 (KHTML, like Gecko; compatible; GPTBot/1.2; +https://openai.com/gptbot)"
20.171.207.181 - - [10/Sep/2025:01:52:54 +0600] "GET /buy.php/item/w377/5462478 HTTP/2" 200 0 "-" "Mozilla/5.0 AppleWebKit/537.36 (KHTML, like Gecko; compatible; GPTBot/1.2; +https://openai.com/gptbot)"
20.171.207.181 - - [10/Sep/2025:01:52:56 +0600] "GET /buy.php/item/w586/2413656 HTTP/2" 200 0 "-" "Mozilla/5.0 AppleWebKit/537.36 (KHTML, like Gecko; compatible; GPTBot/1.2; +https://openai.com/gptbot)"
20.171.207.181 - - [10/Sep/2025:01:52:58 +0600] "GET /jp/MzQ4MzA5Ng HTTP/2" 200 0 "-" "Mozilla/5.0 AppleWebKit/537.36 (KHTML, like Gecko; compatible; GPTBot/1.2; +https://openai.com/gptbot)"
20.171.207.181 - - [10/Sep/2025:01:53:01 +0600] "GET /buy.php/item/h837/4697101 HTTP/2" 200 0 "-" "Mozilla/5.0 AppleWebKit/537.36 (KHTML, like Gecko; compatible; GPTBot/1.2; +https://openai.com/gptbot)"
20.171.207.181 - - [10/Sep/2025:01:53:03 +0600] "GET /buy.php/item/r368/4564280 HTTP/2" 200 0 "-" "Mozilla/5.0 AppleWebKit/537.36 (KHTML, like Gecko; compatible; GPTBot/1.2; +https://openai.com/gptbot)"
185.151.245.196 - - [10/Sep/2025:01:53:01 +0600] "POST /input.php HTTP/2" 200 49 "-" "Mozilla/5.0 (Windows NT 10.0; WOW64; Trident/7.0; rv:11.0) like Gecko"
20.171.207.181 - - [10/Sep/2025:01:53:05 +0600] "GET /buy.php/item/k407/5427610 HTTP/2" 200 0 "-" "Mozilla/5.0 AppleWebKit/537.36 (KHTML, like Gecko; compatible; GPTBot/1.2; +https://openai.com/gptbot)"
20.171.207.181 - - [10/Sep/2025:01:53:08 +0600] "GET /buy.php/item/n996/3824831 HTTP/2" 200 0 "-" "Mozilla/5.0 AppleWebKit/537.36 (KHTML, like Gecko; compatible; GPTBot/1.2; +https://openai.com/gptbot)"
20.171.207.181 - - [10/Sep/2025:01:53:10 +0600] "GET /buy.php/item/v468/3573414 HTTP/2" 200 0 "-" "Mozilla/5.0 AppleWebKit/537.36 (KHTML, like Gecko; compatible; GPTBot/1.2; +https://openai.com/gptbot)"
20.171.207.181 - - [10/Sep/2025:01:53:13 +0600] "GET /buy.php/item/a283/3649912 HTTP/2" 200 0 "-" "Mozilla/5.0 AppleWebKit/537.36 (KHTML, like Gecko; compatible; GPTBot/1.2; +https://openai.com/gptbot)"
20.171.207.181 - - [10/Sep/2025:01:53:16 +0600] "GET /buy.php/item/z284/3598024 HTTP/2" 200 0 "-" "Mozilla/5.0 AppleWebKit/537.36 (KHTML, like Gecko; compatible; GPTBot/1.2; +https://openai.com/gptbot)"
20.171.207.181 - - [10/Sep/2025:01:53:19 +0600] "GET /buy.php/item/a563/4873627 HTTP/2" 200 0 "-" "Mozilla/5.0 AppleWebKit/537.36 (KHTML, like Gecko; compatible; GPTBot/1.2; +https://openai.com/gptbot)"
20.171.207.181 - - [10/Sep/2025:01:53:21 +0600] "GET /buy.php/item/l956/4276609 HTTP/2" 200 0 "-" "Mozilla/5.0 AppleWebKit/537.36 (KHTML, like Gecko; compatible; GPTBot/1.2; +https://openai.com/gptbot)"
20.171.207.181 - - [10/Sep/2025:01:53:24 +0600] "GET /buy.php/item/e519/3866075 HTTP/2" 200 0 "-" "Mozilla/5.0 AppleWebKit/537.36 (KHTML, like Gecko; compatible; GPTBot/1.2; +https://openai.com/gptbot)"
185.151.245.196 - - [10/Sep/2025:01:53:24 +0600] "POST /input.php HTTP/2" 200 1159 "-" "Mozilla/5.0 (Windows NT 6.1) AppleWebKit/537.36 (KHTML, like Gecko) Chrome/41.0.2228.0 Safari/537.36"
20.171.207.181 - - [10/Sep/2025:01:53:26 +0600] "GET /buy.php/item/w762/1640109 HTTP/2" 200 0 "-" "Mozilla/5.0 AppleWebKit/537.36 (KHTML, like Gecko; compatible; GPTBot/1.2; +https://openai.com/gptbot)"
20.171.207.181 - - [10/Sep/2025:01:53:28 +0600] "GET /buy.php/item/t146/4325057 HTTP/2" 200 0 "-" "Mozilla/5.0 AppleWebKit/537.36 (KHTML, like Gecko; compatible; GPTBot/1.2; +https://openai.com/gptbot)"
185.151.245.196 - - [10/Sep/2025:01:53:27 +0600] "POST /input.php HTTP/2" 200 49 "-" "Mozilla/5.0 (X11; U; Linux i686; en-US; rv:1.9.1.16) Gecko/20120421 Gecko Firefox/11.0"
20.171.207.181 - - [10/Sep/2025:01:53:30 +0600] "GET /buy.php/item/d614/2604728 HTTP/2" 200 0 "-" "Mozilla/5.0 AppleWebKit/537.36 (KHTML, like Gecko; compatible; GPTBot/1.2; +https://openai.com/gptbot)"
20.171.207.181 - - [10/Sep/2025:01:53:32 +0600] "GET /buy.php/item/f516/3847077 HTTP/2" 200 0 "-" "Mozilla/5.0 AppleWebKit/537.36 (KHTML, like Gecko; compatible; GPTBot/1.2; +https://openai.com/gptbot)"
20.171.207.181 - - [10/Sep/2025:01:53:35 +0600] "GET /buy.php/item/r270/3448779 HTTP/2" 200 0 "-" "Mozilla/5.0 AppleWebKit/537.36 (KHTML, like Gecko; compatible; GPTBot/1.2; +https://openai.com/gptbot)"
20.171.207.181 - - [10/Sep/2025:01:53:38 +0600] "GET /buy.php/item/j986/2924712 HTTP/2" 200 0 "-" "Mozilla/5.0 AppleWebKit/537.36 (KHTML, like Gecko; compatible; GPTBot/1.2; +https://openai.com/gptbot)"
20.171.207.181 - - [10/Sep/2025:01:53:41 +0600] "GET /buy.php/item/z721/3592881 HTTP/2" 200 0 "-" "Mozilla/5.0 AppleWebKit/537.36 (KHTML, like Gecko; compatible; GPTBot/1.2; +https://openai.com/gptbot)"
20.171.207.181 - - [10/Sep/2025:01:53:44 +0600] "GET /buy.php/item/f896/3657918 HTTP/2" 200 0 "-" "Mozilla/5.0 AppleWebKit/537.36 (KHTML, like Gecko; compatible; GPTBot/1.2; +https://openai.com/gptbot)"
20.171.207.181 - - [10/Sep/2025:01:53:46 +0600] "GET /buy.php/item/d146/1855263 HTTP/2" 200 0 "-" "Mozilla/5.0 AppleWebKit/537.36 (KHTML, like Gecko; compatible; GPTBot/1.2; +https://openai.com/gptbot)"
20.171.207.181 - - [10/Sep/2025:01:53:49 +0600] "GET /buy.php/item/x327/4312280 HTTP/2" 200 0 "-" "Mozilla/5.0 AppleWebKit/537.36 (KHTML, like Gecko; compatible; GPTBot/1.2; +https://openai.com/gptbot)"
20.171.207.181 - - [10/Sep/2025:01:53:52 +0600] "GET /buy.php/item/d352/2129057 HTTP/2" 200 0 "-" "Mozilla/5.0 AppleWebKit/537.36 (KHTML, like Gecko; compatible; GPTBot/1.2; +https://openai.com/gptbot)"
20.171.207.181 - - [10/Sep/2025:01:53:55 +0600] "GET /buy.php/item/v762/4898795 HTTP/2" 200 0 "-" "Mozilla/5.0 AppleWebKit/537.36 (KHTML, like Gecko; compatible; GPTBot/1.2; +https://openai.com/gptbot)"
20.171.207.181 - - [10/Sep/2025:01:53:57 +0600] "GET /buy.php/item/w765/3904930 HTTP/2" 200 0 "-" "Mozilla/5.0 AppleWebKit/537.36 (KHTML, like Gecko; compatible; GPTBot/1.2; +https://openai.com/gptbot)"
20.171.207.181 - - [10/Sep/2025:01:53:59 +0600] "GET /buy.php/item/v819/4126564 HTTP/2" 200 0 "-" "Mozilla/5.0 AppleWebKit/537.36 (KHTML, like Gecko; compatible; GPTBot/1.2; +https://openai.com/gptbot)"
20.171.207.181 - - [10/Sep/2025:01:54:02 +0600] "GET /buy.php/item/d620/4166729 HTTP/2" 200 0 "-" "Mozilla/5.0 AppleWebKit/537.36 (KHTML, like Gecko; compatible; GPTBot/1.2; +https://openai.com/gptbot)"
20.171.207.181 - - [10/Sep/2025:01:54:04 +0600] "GET /buy.php/item/q886/5499407 HTTP/2" 200 0 "-" "Mozilla/5.0 AppleWebKit/537.36 (KHTML, like Gecko; compatible; GPTBot/1.2; +https://openai.com/gptbot)"
20.171.207.181 - - [10/Sep/2025:01:54:07 +0600] "GET /buy.php/item/g172/5448694 HTTP/2" 200 0 "-" "Mozilla/5.0 AppleWebKit/537.36 (KHTML, like Gecko; compatible; GPTBot/1.2; +https://openai.com/gptbot)"
20.171.207.181 - - [10/Sep/2025:01:54:08 +0600] "GET /buy.php/item/x108/3022849 HTTP/2" 200 0 "-" "Mozilla/5.0 AppleWebKit/537.36 (KHTML, like Gecko; compatible; GPTBot/1.2; +https://openai.com/gptbot)"
20.171.207.181 - - [10/Sep/2025:01:54:11 +0600] "GET /buy.php/item/p935/2670783 HTTP/2" 200 0 "-" "Mozilla/5.0 AppleWebKit/537.36 (KHTML, like Gecko; compatible; GPTBot/1.2; +https://openai.com/gptbot)"
20.171.207.181 - - [10/Sep/2025:01:54:14 +0600] "GET /buy.php/item/m125/3021489 HTTP/2" 200 0 "-" "Mozilla/5.0 AppleWebKit/537.36 (KHTML, like Gecko; compatible; GPTBot/1.2; +https://openai.com/gptbot)"
185.151.245.196 - - [10/Sep/2025:01:54:12 +0600] "POST /input.php HTTP/2" 200 49 "-" "Mozilla/5.0 (Windows NT 6.1; WOW64) AppleWebKit/537.36 (KHTML, like Gecko) Chrome/44.0.2403.125 Safari/537.36"
20.171.207.181 - - [10/Sep/2025:01:54:16 +0600] "GET /buy.php/item/l810/4995928 HTTP/2" 200 0 "-" "Mozilla/5.0 AppleWebKit/537.36 (KHTML, like Gecko; compatible; GPTBot/1.2; +https://openai.com/gptbot)"
20.171.207.181 - - [10/Sep/2025:01:54:19 +0600] "GET /buy.php/item/w994/2796180 HTTP/2" 200 0 "-" "Mozilla/5.0 AppleWebKit/537.36 (KHTML, like Gecko; compatible; GPTBot/1.2; +https://openai.com/gptbot)"
20.171.207.181 - - [10/Sep/2025:01:54:22 +0600] "GET /buy.php/item/a396/3250982 HTTP/2" 200 0 "-" "Mozilla/5.0 AppleWebKit/537.36 (KHTML, like Gecko; compatible; GPTBot/1.2; +https://openai.com/gptbot)"
20.171.207.181 - - [10/Sep/2025:01:54:25 +0600] "GET /buy.php/item/u709/4139259 HTTP/2" 200 0 "-" "Mozilla/5.0 AppleWebKit/537.36 (KHTML, like Gecko; compatible; GPTBot/1.2; +https://openai.com/gptbot)"
20.171.207.181 - - [10/Sep/2025:01:54:28 +0600] "GET /buy.php/item/s615/2256907 HTTP/2" 200 0 "-" "Mozilla/5.0 AppleWebKit/537.36 (KHTML, like Gecko; compatible; GPTBot/1.2; +https://openai.com/gptbot)"
185.151.245.196 - - [10/Sep/2025:01:54:27 +0600] "POST /input.php HTTP/2" 200 49 "-" "Mozilla/5.0 (X11; Linux i686) AppleWebKit/534.24 (KHTML, like Gecko) Chrome/11.0.696.14 Safari/534.24"
20.171.207.181 - - [10/Sep/2025:01:54:32 +0600] "GET /buy.php/item/z494/2604083 HTTP/2" 200 0 "-" "Mozilla/5.0 AppleWebKit/537.36 (KHTML, like Gecko; compatible; GPTBot/1.2; +https://openai.com/gptbot)"
20.171.207.181 - - [10/Sep/2025:01:54:35 +0600] "GET /buy.php/item/d977/2325748 HTTP/2" 200 0 "-" "Mozilla/5.0 AppleWebKit/537.36 (KHTML, like Gecko; compatible; GPTBot/1.2; +https://openai.com/gptbot)"
20.171.207.181 - - [10/Sep/2025:01:54:38 +0600] "GET /buy.php/item/v154/3269922 HTTP/2" 200 0 "-" "Mozilla/5.0 AppleWebKit/537.36 (KHTML, like Gecko; compatible; GPTBot/1.2; +https://openai.com/gptbot)"
20.171.207.181 - - [10/Sep/2025:01:54:40 +0600] "GET /buy.php/item/c580/4772374 HTTP/2" 200 0 "-" "Mozilla/5.0 AppleWebKit/537.36 (KHTML, like Gecko; compatible; GPTBot/1.2; +https://openai.com/gptbot)"
20.171.207.181 - - [10/Sep/2025:01:54:43 +0600] "GET /buy.php/item/o193/4940927 HTTP/2" 200 0 "-" "Mozilla/5.0 AppleWebKit/537.36 (KHTML, like Gecko; compatible; GPTBot/1.2; +https://openai.com/gptbot)"
20.171.207.181 - - [10/Sep/2025:01:54:45 +0600] "GET /buy.php/item/w441/5466278 HTTP/2" 200 0 "-" "Mozilla/5.0 AppleWebKit/537.36 (KHTML, like Gecko; compatible; GPTBot/1.2; +https://openai.com/gptbot)"
185.151.245.196 - - [10/Sep/2025:01:54:46 +0600] "POST /input.php HTTP/2" 200 49 "-" "Mozilla/5.0 (Windows NT 6.1) AppleWebKit/537.36 (KHTML, like Gecko) Chrome/31.0.1650.57 Safari/537.36"
20.171.207.181 - - [10/Sep/2025:01:54:50 +0600] "GET /buy.php/item/x853/1910841 HTTP/2" 200 0 "-" "Mozilla/5.0 AppleWebKit/537.36 (KHTML, like Gecko; compatible; GPTBot/1.2; +https://openai.com/gptbot)"
20.171.207.181 - - [10/Sep/2025:01:54:52 +0600] "GET /buy.php/item/c413/1620702 HTTP/2" 200 0 "-" "Mozilla/5.0 AppleWebKit/537.36 (KHTML, like Gecko; compatible; GPTBot/1.2; +https://openai.com/gptbot)"
185.151.245.196 - - [10/Sep/2025:01:54:51 +0600] "POST /input.php HTTP/2" 200 49 "-" "Mozilla/5.0 (Windows NT 5.1) AppleWebKit/537.36 (KHTML, like Gecko) Chrome/47.0.2526.111 YaBrowser/16.2.0.3540 Safari/537.36"
20.171.207.181 - - [10/Sep/2025:01:54:56 +0600] "GET /buy.php/item/x852/4811803 HTTP/2" 200 0 "-" "Mozilla/5.0 AppleWebKit/537.36 (KHTML, like Gecko; compatible; GPTBot/1.2; +https://openai.com/gptbot)"
185.151.245.196 - - [10/Sep/2025:01:50:49 +0600] "POST /input.php HTTP/2" 200 49 "-" "Mozilla/5.0 (Windows NT 6.0) AppleWebKit/537.36 (KHTML, like Gecko) Chrome/44.0.2403.157 YaBrowser/15.9.2403.3043 Safari/537.36"
185.151.245.196 - - [10/Sep/2025:01:51:22 +0600] "POST /input.php HTTP/2" 200 1161 "-" "Mozilla/5.0 (Windows NT 6.1) AppleWebKit/537.36 (KHTML, like Gecko) Chrome/46.10.2490.86 Safari/537.36"
93.123.109.81 - - [10/Sep/2025:01:51:45 +0600] "GET /.env HTTP/1.1" 200 0 "-" "Mozilla/5.0 (X11; Linux x86_64) AppleWebKit/537.36 (KHTML, like Gecko) Chrome/81.0.4044.129 Safari/537.36"
93.123.109.81 - - [10/Sep/2025:01:51:47 +0600] "GET /.env.prod HTTP/1.1" 200 0 "-" "Mozilla/5.0 (X11; Linux x86_64) AppleWebKit/537.36 (KHTML, like Gecko) Chrome/81.0.4044.129 Safari/537.36"
93.123.109.81 - - [10/Sep/2025:01:51:50 +0600] "GET /dev/.env HTTP/1.1" 200 0 "-" "Mozilla/5.0 (X11; Linux x86_64) AppleWebKit/537.36 (KHTML, like Gecko) Chrome/81.0.4044.129 Safari/537.36"
93.123.109.81 - - [10/Sep/2025:01:51:52 +0600] "GET /application/.env HTTP/1.1" 200 0 "-" "Mozilla/5.0 (X11; Linux x86_64) AppleWebKit/537.36 (KHTML, like Gecko) Chrome/81.0.4044.129 Safari/537.36"
93.123.109.81 - - [10/Sep/2025:01:51:53 +0600] "GET /phpinfo.php HTTP/1.1" 200 0 "-" "Mozilla/5.0 (X11; Linux x86_64) AppleWebKit/537.36 (KHTML, like Gecko) Chrome/81.0.4044.129 Safari/537.36"
93.123.109.81 - - [10/Sep/2025:01:51:54 +0600] "GET /phpinfo HTTP/1.1" 200 0 "-" "Mozilla/5.0 (X11; Linux x86_64) AppleWebKit/537.36 (KHTML, like Gecko) Chrome/81.0.4044.129 Safari/537.36"
185.151.245.196 - - [10/Sep/2025:01:51:55 +0600] "POST /input.php HTTP/2" 200 49 "-" "Mozilla/5.0 (Windows NT 6.3; WOW64; rv:32.0) Gecko/20100101 Firefox/32.0"
93.123.109.81 - - [10/Sep/2025:01:52:03 +0600] "GET /php_info.php HTTP/1.1" 200 0 "-" "Mozilla/5.0 (X11; Linux x86_64) AppleWebKit/537.36 (KHTML, like Gecko) Chrome/81.0.4044.129 Safari/537.36"
93.123.109.81 - - [10/Sep/2025:01:52:04 +0600] "GET /_profiler/phpinfo HTTP/1.1" 200 0 "-" "Mozilla/5.0 (X11; Linux x86_64) AppleWebKit/537.36 (KHTML, like Gecko) Chrome/81.0.4044.129 Safari/537.36"
93.123.109.81 - - [10/Sep/2025:01:52:07 +0600] "GET /admin/.env HTTP/1.1" 200 0 "-" "Mozilla/5.0 (X11; Linux x86_64) AppleWebKit/537.36 (KHTML, like Gecko) Chrome/81.0.4044.129 Safari/537.36"
93.123.109.81 - - [10/Sep/2025:01:52:12 +0600] "POST / HTTP/1.1" 200 0 "-" "Mozilla/5.0 (X11; Linux x86_64) AppleWebKit/537.36 (KHTML, like Gecko) Chrome/81.0.4044.129 Safari/537.36"
185.151.245.196 - - [10/Sep/2025:01:52:12 +0600] "POST /input.php HTTP/2" 200 49 "-" "Mozilla/5.0 (compatible; MSIE 10.0; Windows NT 6.2; WOW64; Trident/6.0; LCJB)"
185.151.245.196 - - [10/Sep/2025:01:52:45 +0600] "POST /input.php HTTP/2" 200 49 "-" "Mozilla/5.0 (Windows; U; Windows NT 5.1; en-US) AppleWebKit/533.20.25 (KHTML, like Gecko) Version/5.0.3 Safari/533.19.4"
185.151.245.196 - - [10/Sep/2025:01:53:33 +0600] "POST /input.php HTTP/2" 200 49 "-" "Mozilla/5.0 (Windows NT 6.3; WOW64) AppleWebKit/537.36 (KHTML, like Gecko) Chrome/37.0.2062.122 Safari/537.36 OPR/24.0.1558.64"
185.151.245.196 - - [10/Sep/2025:01:53:44 +0600] "POST /input.php HTTP/2" 200 49 "-" "Mozilla/5.0 (Windows NT 6.1; WOW64) AppleWebKit/537.36 (KHTML, like Gecko) Chrome/40.0.2214.91 Safari/537.36"
185.151.245.196 - - [10/Sep/2025:01:53:55 +0600] "POST /input.php HTTP/2" 200 49 "-" "Mozilla/5.0 (Windows NT 6.2; WOW64) AppleWebKit/537.36 (KHTML, like Gecko) Chrome/37.0.2062.122 Safari/537.36 OPR/24.0.1558.64"
185.151.245.196 - - [10/Sep/2025:01:54:21 +0600] "POST /input.php HTTP/2" 200 49 "-" "Mozilla/5.0 (Macintosh; Intel Mac OS X 10_10_5) AppleWebKit/537.36 (KHTML, like Gecko) Chrome/48.0.2564.109 Safari/537.36"
185.151.245.196 - - [10/Sep/2025:01:55:53 +0600] "POST /input.php HTTP/2" 200 49 "-" "Mozilla/5.0 (Windows; U; Windows NT 6.1; pt-BR; rv:1.9.2.8) Gecko/20100722 Firefox/3.6.8 GTB7.1"
185.151.245.196 - - [10/Sep/2025:01:56:02 +0600] "POST /input.php HTTP/2" 200 49 "-" "Mozilla/5.0 (Windows NT 6.2; WOW64) AppleWebKit/537.36 (KHTML, like Gecko) Chrome/47.0.2526.73 Safari/537.36 OPR/34.0.2036.36"
20.171.207.181 - - [10/Sep/2025:01:54:59 +0600] "GET /buy.php/item/c413/4597875 HTTP/2" 200 0 "-" "Mozilla/5.0 AppleWebKit/537.36 (KHTML, like Gecko; compatible; GPTBot/1.2; +https://openai.com/gptbot)"
185.151.245.196 - - [10/Sep/2025:01:55:01 +0600] "POST /input.php HTTP/2" 200 49 "-" "Opera/9.80 (Windows NT 6.0; MRA 6.0 (build 5831)) Presto/2.12.388 Version/12.17"
20.171.207.181 - - [10/Sep/2025:01:55:03 +0600] "GET /buy.php/item/r240/1677265 HTTP/2" 200 0 "-" "Mozilla/5.0 AppleWebKit/537.36 (KHTML, like Gecko; compatible; GPTBot/1.2; +https://openai.com/gptbot)"
20.171.207.181 - - [10/Sep/2025:01:55:06 +0600] "GET /buy.php/item/c100/4690389 HTTP/2" 200 0 "-" "Mozilla/5.0 AppleWebKit/537.36 (KHTML, like Gecko; compatible; GPTBot/1.2; +https://openai.com/gptbot)"
20.171.207.181 - - [10/Sep/2025:01:55:11 +0600] "GET /buy.php/item/w403/3935601 HTTP/2" 200 0 "-" "Mozilla/5.0 AppleWebKit/537.36 (KHTML, like Gecko; compatible; GPTBot/1.2; +https://openai.com/gptbot)"
185.151.245.196 - - [10/Sep/2025:01:55:12 +0600] "POST /input.php HTTP/2" 200 705 "-" "Mozilla/5.0 (Windows NT 6.2; WOW64) AppleWebKit/537.17 (KHTML, like Gecko) Chrome/24.0.1312.71 Safari/537.17 YE"
20.171.207.181 - - [10/Sep/2025:01:55:13 +0600] "GET /buy.php/item/l873/4959148 HTTP/2" 200 0 "-" "Mozilla/5.0 AppleWebKit/537.36 (KHTML, like Gecko; compatible; GPTBot/1.2; +https://openai.com/gptbot)"
20.171.207.181 - - [10/Sep/2025:01:55:15 +0600] "GET /buy.php/item/x556/2130188 HTTP/2" 200 0 "-" "Mozilla/5.0 AppleWebKit/537.36 (KHTML, like Gecko; compatible; GPTBot/1.2; +https://openai.com/gptbot)"
20.171.207.181 - - [10/Sep/2025:01:55:18 +0600] "GET /buy.php/item/z960/5072215 HTTP/2" 200 0 "-" "Mozilla/5.0 AppleWebKit/537.36 (KHTML, like Gecko; compatible; GPTBot/1.2; +https://openai.com/gptbot)"
20.171.207.181 - - [10/Sep/2025:01:55:20 +0600] "GET /buy.php/item/n712/5268138 HTTP/2" 200 0 "-" "Mozilla/5.0 AppleWebKit/537.36 (KHTML, like Gecko; compatible; GPTBot/1.2; +https://openai.com/gptbot)"
20.171.207.181 - - [10/Sep/2025:01:55:23 +0600] "GET /buy.php/item/z788/2834765 HTTP/2" 200 0 "-" "Mozilla/5.0 AppleWebKit/537.36 (KHTML, like Gecko; compatible; GPTBot/1.2; +https://openai.com/gptbot)"
20.171.207.181 - - [10/Sep/2025:01:55:27 +0600] "GET /buy.php/item/o817/1580456 HTTP/2" 200 0 "-" "Mozilla/5.0 AppleWebKit/537.36 (KHTML, like Gecko; compatible; GPTBot/1.2; +https://openai.com/gptbot)"
20.171.207.181 - - [10/Sep/2025:01:55:30 +0600] "GET /buy.php/item/x487/2767900 HTTP/2" 200 0 "-" "Mozilla/5.0 AppleWebKit/537.36 (KHTML, like Gecko; compatible; GPTBot/1.2; +https://openai.com/gptbot)"
20.171.207.181 - - [10/Sep/2025:01:55:32 +0600] "GET /buy.php/item/c482/3960544 HTTP/2" 200 0 "-" "Mozilla/5.0 AppleWebKit/537.36 (KHTML, like Gecko; compatible; GPTBot/1.2; +https://openai.com/gptbot)"
185.151.245.196 - - [10/Sep/2025:01:55:38 +0600] "POST /input.php HTTP/2" 200 49 "-" "Mozilla/5.0 (Windows NT 6.3; WOW64) AppleWebKit/537.36 (KHTML, like Gecko) Chrome/37.0.2062.122 Safari/537.36 OPR/24.0.1558.64"
185.151.245.196 - - [10/Sep/2025:01:56:16 +0600] "POST /input.php HTTP/2" 200 49 "-" "Opera/9.80 (Windows NT 6.2; WOW64; Edition Yx) Presto/2.12.388 Version/12.15"
185.151.245.196 - - [10/Sep/2025:01:56:52 +0600] "POST /input.php HTTP/2" 200 49 "-" "Mozilla/5.0 (compatible; MSIE 10.0; Windows NT 6.1; WOW64; Trident/6.0; Touch; MASMJS)"
185.151.245.196 - - [10/Sep/2025:01:57:03 +0600] "POST /input.php HTTP/2" 200 822 "-" "Mozilla/5.0 (Macintosh; U; Intel Mac OS X 10_6_7; da-dk) AppleWebKit/533.21.1 (KHTML, like Gecko) Version/5.0.5 Safari/533.21.1"
185.151.245.196 - - [10/Sep/2025:01:57:44 +0600] "POST /input.php HTTP/2" 200 49 "-" "Mozilla/5.0 (Windows NT 6.1; WOW64) AppleWebKit/537.36 (KHTML, like Gecko) Chrome/44.0.2403.155 Safari/537.36"
185.151.245.196 - - [10/Sep/2025:01:57:57 +0600] "POST /input.php HTTP/2" 200 49 "-" "Mozilla/5.0 (Windows NT 6.3; WOW64) AppleWebKit/537.36 (KHTML, like Gecko) Chrome/46.0.2490.86 YaBrowser/15.12.1.6476 Yowser/2.5 Safari/537.36"
185.151.245.196 - - [10/Sep/2025:01:56:26 +0600] "POST /input.php HTTP/2" 200 49 "-" "Mozilla/5.0 (Windows NT 6.1; WOW64) AppleWebKit/537.36 (KHTML, like Gecko) Chrome/48.0.2564.103 Safari/537.36"
185.151.245.196 - - [10/Sep/2025:01:56:32 +0600] "POST /input.php HTTP/2" 200 49 "-" "Mozilla/5.0 (Windows NT 10.0; WOW64) AppleWebKit/537.36 (KHTML, like Gecko) Chrome/47.0.2526.73 Safari/537.36 OPR/34.0.2036.25"
185.151.245.196 - - [10/Sep/2025:01:56:37 +0600] "POST /input.php HTTP/2" 200 49 "-" "Mozilla/5.0 (Windows NT 5.1; rv:26.0) Gecko/20100101 Firefox/26.0"
185.151.245.196 - - [10/Sep/2025:01:57:23 +0600] "POST /input.php HTTP/2" 200 49 "-" "Mozilla/5.0 (Windows NT 6.1; WOW64) AppleWebKit/537.17 (KHTML, like Gecko) Chrome/24.0.1312.71 Safari/537.17 YE"
185.151.245.196 - - [10/Sep/2025:01:57:34 +0600] "POST /input.php HTTP/2" 200 948 "-" "Mozilla/5.0 (Windows NT 10.0; WOW64) AppleWebKit/537.36 (KHTML, like Gecko) Chrome/46.0.2490.86 YaBrowser/15.12.1.6476 Yowser/2.5 Safari/537.36"
185.151.245.196 - - [10/Sep/2025:01:57:49 +0600] "POST /input.php HTTP/2" 200 828 "-" "Mozilla/5.0 (Windows NT 6.2) AppleWebKit/536.3 (KHTML, like Gecko) Chrome/19.0.1061.1 Safari/536.3"
185.151.245.196 - - [10/Sep/2025:01:58:10 +0600] "POST /input.php HTTP/2" 200 49 "-" "Mozilla/5.0 (Windows; U; Windows NT 5.1; en; rv:1.9.1.6) Gecko/20091201 Firefox/3.5.6 (.NET CLR 3.5.30729)"
185.151.245.196 - - [10/Sep/2025:01:58:28 +0600] "POST /input.php HTTP/2" 200 49 "-" "Mozilla/5.0 (Windows NT 5.1; rv:15.0) Gecko/20100101 Firefox/13.0.1"
185.151.245.196 - - [10/Sep/2025:01:58:44 +0600] "POST /input.php HTTP/2" 200 49 "-" "Mozilla/5.0 (X11; U; Linux i686; en; rv:1.8.1.11) Gecko/20071216 Firefox/2.0.0.11"
185.151.245.196 - - [10/Sep/2025:01:59:03 +0600] "POST /input.php HTTP/2" 200 49 "-" "Mozilla/5.0 (X11; U; Linux i686; es-ES; rv:1.9.0.11) Gecko/2009060310 Ubuntu/8.10 (intrepid) Firefox/3.0.11"
185.151.245.196 - - [10/Sep/2025:01:59:17 +0600] "POST /input.php HTTP/2" 200 49 "-" "Mozilla/5.0 (Macintosh; Intel Mac OS X 10.6; rv:13.0) Gecko/20100101 Firefox/13.0.1"
185.151.245.196 - - [10/Sep/2025:01:59:33 +0600] "POST /input.php HTTP/2" 200 939 "-" "Mozilla/5.0 (X11; Linux i586; rv:31.0) Gecko/20100101 Firefox/31.0"
185.151.245.196 - - [10/Sep/2025:02:01:00 +0600] "POST /input.php HTTP/2" 200 49 "-" "Mozilla/5.0 (Windows NT 5.1) AppleWebKit/537.36 (KHTML, like Gecko) Chrome/35.0.2309.372 Safari/537.36"
185.151.245.196 - - [10/Sep/2025:02:01:08 +0600] "POST /input.php HTTP/2" 200 49 "-" "Mozilla/5.0 (Windows NT 6.1; WOW64) AppleWebKit/537.36 (KHTML, like Gecko) Chrome/42.0.2311.152 YaBrowser/15.6.2311.5651 Safari/537.36"
185.151.245.196 - - [10/Sep/2025:02:01:40 +0600] "POST /input.php HTTP/2" 200 945 "-" "Mozilla/5.0 (Windows NT 6.1; WOW64; rv:33.0) Gecko/20120101 Firefox/33.0"
185.151.245.196 - - [10/Sep/2025:02:02:00 +0600] "POST /input.php HTTP/2" 200 49 "-" "Mozilla/5.0 (Windows NT 5.1) AppleWebKit/537.36 (KHTML, like Gecko) Chrome/31.0.1650.63 Safari/537.36"
185.151.245.196 - - [10/Sep/2025:02:02:23 +0600] "POST /input.php HTTP/2" 200 49 "-" "Mozilla/5.0 (Windows NT 6.1; Win64; x64; rv:36.0) Gecko/20100101 Firefox/36.0 Cyberfox/36.0"
185.151.245.196 - - [10/Sep/2025:02:03:02 +0600] "POST /input.php HTTP/2" 200 49 "-" "Mozilla/5.0 (Windows; U; Windows NT 5.1; en; rv:1.9.2.12) Gecko/20101026 Firefox/3.6.12 ( .NET CLR 3.5.30729; .NET4.0E)"
185.151.245.196 - - [10/Sep/2025:02:03:33 +0600] "POST /input.php HTTP/2" 200 49 "-" "Mozilla/5.0 (Macintosh; Intel Mac OS X 10_6_8) AppleWebKit/537.13+ (KHTML, like Gecko) Version/5.1.7 Safari/534.57.2"
185.151.245.196 - - [10/Sep/2025:02:04:09 +0600] "POST /input.php HTTP/2" 200 49 "-" "Mozilla/5.0 (Windows NT 6.1; WOW64) AppleWebKit/537.17 (KHTML, like Gecko) Chrome/24.0.1312.71 Safari/537.17 YE"
185.151.245.196 - - [10/Sep/2025:02:04:36 +0600] "POST /input.php HTTP/2" 200 49 "-" "Opera/9.80 (Windows NT 6.1; WOW64; MRA 6.2 (build 7528)) Presto/2.12.388 Version/12.15"
185.151.245.196 - - [10/Sep/2025:01:58:49 +0600] "POST /input.php HTTP/2" 200 49 "-" "Mozilla/5.0 (Windows NT 6.1; rv:2.0b7pre) Gecko/20100921 Firefox/4.0b7pre"
185.151.245.196 - - [10/Sep/2025:01:59:05 +0600] "POST /input.php HTTP/2" 200 710 "-" "Mozilla/5.0 (Macintosh; Intel Mac OS X 10_6_8) AppleWebKit/537.13+ (KHTML, like Gecko) Version/5.1.7 Safari/534.57.2"
185.151.245.196 - - [10/Sep/2025:01:59:12 +0600] "POST /input.php HTTP/2" 200 49 "-" "Opera/9.80 (Windows NT 6.1; WOW64; Edition Yx) Presto/2.12.388 Version/12.16"
185.151.245.196 - - [10/Sep/2025:02:00:12 +0600] "POST /input.php HTTP/2" 200 49 "-" "Mozilla/5.0 (Macintosh; Intel Mac OS X 10.10; rv:44.0) Gecko/20100101 Firefox/44.0"
185.151.245.196 - - [10/Sep/2025:02:00:20 +0600] "POST /input.php HTTP/2" 200 49 "-" "Mozilla/5.0 (Windows NT 6.1; WOW64) AppleWebKit/537.36 (KHTML, like Gecko) Chrome/50.0.2645.4 Safari/537.36"
185.151.245.196 - - [10/Sep/2025:02:00:28 +0600] "POST /input.php HTTP/2" 200 49 "-" "Mozilla/5.0 (Macintosh; U; Intel Mac OS X 10_6_6; fr-ch) AppleWebKit/533.19.4 (KHTML, like Gecko) Version/5.0.3 Safari/533.19.4"
185.151.245.196 - - [10/Sep/2025:02:00:42 +0600] "POST /input.php HTTP/2" 200 49 "-" "Mozilla/5.0 (Windows NT 6.1) AppleWebKit/537.36 (KHTML, like Gecko) Chrome/48.0.2564.103 Safari/537.36"
185.151.245.196 - - [10/Sep/2025:02:00:53 +0600] "POST /input.php HTTP/2" 200 1152 "-" "Mozilla/5.0 (Windows NT 10.0; WOW64) AppleWebKit/537.36 (KHTML, like Gecko) Chrome/46.0.2490.86 YaBrowser/15.12.1.6476 Yowser/2.5 Safari/537.36"
185.151.245.196 - - [10/Sep/2025:02:01:22 +0600] "POST /input.php HTTP/2" 200 49 "-" "Mozilla/5.0 (Windows NT 6.3; WOW64) AppleWebKit/537.36 (KHTML, like Gecko) Chrome/47.0.2526.111 YaBrowser/16.2.0.3540 Safari/537.36"
185.151.245.196 - - [10/Sep/2025:02:01:31 +0600] "POST /input.php HTTP/2" 200 49 "-" "Mozilla/5.0 (Macintosh; U; Intel Mac OS X 10_6_3; el-gr) AppleWebKit/533.16 (KHTML, like Gecko) Version/5.0 Safari/533.16"
185.151.245.196 - - [10/Sep/2025:02:01:56 +0600] "POST /input.php HTTP/2" 200 49 "-" "Mozilla/5.0 (X11; Linux i686; rv:24.0) Gecko/20140925 Firefox/24.0 Iceweasel/24.8.1"
185.151.245.196 - - [10/Sep/2025:02:02:05 +0600] "POST /input.php HTTP/2" 200 1308 "-" "Mozilla/5.0 (X11; U; Linux i686; de-AT; rv:1.8.0.2) Gecko/20060309 SeaMonkey/1.0"
185.151.245.196 - - [10/Sep/2025:02:02:11 +0600] "POST /input.php HTTP/2" 200 49 "-" "Mozilla/5.0 (Windows NT 6.1; WOW64; rv:36.0) Gecko/20100101 Firefox/36.0 Cyberfox/36.0"
185.151.245.196 - - [10/Sep/2025:02:02:34 +0600] "POST /input.php HTTP/2" 200 49 "-" "Mozilla/5.0 (Windows NT 6.2; WOW64) AppleWebKit/537.36 (KHTML, like Gecko) Chrome/47.0.2526.111 YaBrowser/16.2.0.3539 Safari/537.36"
185.151.245.196 - - [10/Sep/2025:02:02:50 +0600] "POST /input.php HTTP/2" 200 49 "-" "Mozilla/5.0 (Windows NT 6.1; WOW64) AppleWebKit/537.36 (KHTML, like Gecko) Chrome/45.0.2454.101 YaBrowser/15.10.2454.3865 Safari/537.36"
185.151.245.196 - - [10/Sep/2025:02:03:27 +0600] "POST /input.php HTTP/2" 200 49 "-" "Mozilla/5.0 (Windows NT 6.3) AppleWebKit/537.36 (KHTML, like Gecko) Chrome/48.0.2564.82 Safari/537.36 OPR/35.0.2066.37"
185.151.245.196 - - [10/Sep/2025:02:03:52 +0600] "POST /input.php HTTP/2" 200 49 "-" "Mozilla/5.0 (compatible; MSIE 10.0; Windows NT 6.1; Trident/6.0; MASPJS)"
185.151.245.196 - - [10/Sep/2025:02:05:15 +0600] "POST /input.php HTTP/2" 200 49 "-" "Opera/9.80 (Windows NT 5.1; Edition Yx) Presto/2.12.388 Version/12.17"
185.151.245.196 - - [10/Sep/2025:02:05:35 +0600] "POST /input.php HTTP/2" 200 49 "-" "Mozilla/5.0 (Windows NT 6.1; WOW64) AppleWebKit/537.36 (KHTML, like Gecko) Chrome/42.0.2311.152 YaBrowser/15.6.2311.4879 Safari/537.36"
185.151.245.196 - - [10/Sep/2025:02:05:43 +0600] "POST /input.php HTTP/2" 200 49 "-" "Mozilla/5.0 (Windows NT 6.1; WOW64; rv:29.0) Gecko/20100101 Firefox/29.0"
185.151.245.196 - - [10/Sep/2025:02:05:50 +0600] "POST /input.php HTTP/2" 200 49 "-" "Opera/9.80 (Windows NT 6.1; MRA 6.2 (build 7443)) Presto/2.12.388 Version/12.16"
185.151.245.196 - - [10/Sep/2025:02:04:57 +0600] "POST /input.php HTTP/2" 200 49 "-" "Mozilla/5.0 (X11; Ubuntu; Linux x86_64; rv:36.0) Gecko/20100101 Firefox/36.0"
185.151.245.196 - - [10/Sep/2025:02:05:38 +0600] "POST /input.php HTTP/2" 200 49 "-" "Mozilla/5.0 (Windows NT 6.0) AppleWebKit/537.36 (KHTML, like Gecko) Chrome/44.0.2403.107 Safari/537.36 OPR/31.0.1889.99 (Edition Yx)"
185.151.245.196 - - [10/Sep/2025:02:05:55 +0600] "POST /input.php HTTP/2" 200 49 "-" "Mozilla/5.0 (Windows; U; Windows NT 6.1; ko-KR) AppleWebKit/533.20.25 (KHTML, like Gecko) Version/5.0.4 Safari/533.20.27"
185.151.245.196 - - [10/Sep/2025:02:06:01 +0600] "POST /input.php HTTP/2" 200 49 "-" "Mozilla/5.0 (Windows NT 10.0; WOW64) AppleWebKit/537.36 (KHTML, like Gecko) Chrome/45.0.2454.107 Amigo/45.0.2454.107 MRCHROME SOC Safari/537.36"
185.151.245.196 - - [10/Sep/2025:02:06:22 +0600] "POST /input.php HTTP/2" 200 49 "-" "Mozilla/5.0 (Windows NT 6.3; WOW64) AppleWebKit/537.36 (KHTML, like Gecko) Chrome/45.0.2454.112 Amigo/45.0.2454.112 MRCHROME SOC Safari/537.36"
185.151.245.196 - - [10/Sep/2025:02:06:11 +0600] "POST /input.php HTTP/2" 200 49 "-" "Mozilla/5.0 (X11; U; Linux x86_64; en-US) AppleWebKit/537.36 (KHTML, like Gecko) Chrome/30.0.1599.114 Safari/537.36 Puffin/4.7.3.2441AP"
185.151.245.196 - - [10/Sep/2025:02:06:31 +0600] "POST /input.php HTTP/2" 200 49 "-" "Mozilla/5.0 (Windows NT 5.1) AppleWebKit/537.36 (KHTML, like Gecko) Chrome/38.0.2125.101 Safari/537.36 OPR/25.0.1614.50 (Edition Yx 01)"
185.151.245.196 - - [10/Sep/2025:02:07:09 +0600] "POST /input.php HTTP/2" 200 49 "-" "Mozilla/5.0 (Windows NT 6.3; Win64; x64; Trident/7.0; MASMJS; rv:11.0) like Gecko"
185.151.245.196 - - [10/Sep/2025:02:08:04 +0600] "POST /input.php HTTP/2" 200 49 "-" "Mozilla/5.0 (X11; Linux i686) AppleWebKit/534.24 (KHTML, like Gecko) Chrome/11.0.696.14 Safari/534.24"
185.151.245.196 - - [10/Sep/2025:02:08:38 +0600] "POST /input.php HTTP/2" 200 49 "-" "Mozilla/5.0 (Windows NT 6.0) AppleWebKit/537.36 (KHTML, like Gecko) Chrome/44.0.2403.157 YaBrowser/15.9.2403.3043 Safari/537.36"
185.151.245.196 - - [10/Sep/2025:02:08:48 +0600] "POST /input.php HTTP/2" 200 49 "-" "Mozilla/5.0 (Windows; U; Windows NT 6.1; en-US) AppleWebKit/533.19.4 (KHTML, like Gecko) Version/5.0.2 Safari/533.18.5"
185.151.245.196 - - [10/Sep/2025:02:09:06 +0600] "POST /input.php HTTP/2" 200 49 "-" "Mozilla/5.0 (Windows NT 6.1; rv:12.0) Gecko/20120403211507 Firefox/12.0"
185.151.245.196 - - [10/Sep/2025:02:09:41 +0600] "POST /input.php HTTP/2" 200 49 "-" "Mozilla/5.0 (Windows NT 6.1) AppleWebKit/537.36 (KHTML, like Gecko) Chrome/46.0.2490.86 YaBrowser/15.12.1.6476 Yowser/2.5 Safari/537.36"
185.151.245.196 - - [10/Sep/2025:02:09:50 +0600] "POST /input.php HTTP/2" 200 49 "-" "Mozilla/5.0 (Windows NT 6.1; Win64; x64) AppleWebKit/537.36 (KHTML, like Gecko) Chrome/48.0.2564.109 Safari/537.36"
185.151.245.196 - - [10/Sep/2025:02:10:25 +0600] "POST /input.php HTTP/2" 200 49 "-" "Mozilla/5.0 (Macintosh; Intel Mac OS X 10_6_8) AppleWebKit/534.30 (KHTML, like Gecko) Chrome/12.0.742.68 Safari/534.30"
185.151.245.196 - - [10/Sep/2025:02:10:51 +0600] "POST /input.php HTTP/2" 200 49 "-" "Mozilla/5.0 (Windows NT 6.1; WOW64) AppleWebKit/537.36 (KHTML, like Gecko) Chrome/45.0.2454.101 YaBrowser/15.10.2454.3658 Safari/537.36"
185.151.245.196 - - [10/Sep/2025:02:11:12 +0600] "POST /input.php HTTP/2" 200 49 "-" "Mozilla/5.0 (Windows NT 6.1) AppleWebKit/537.36 (KHTML, like Gecko) Chrome/47.0.2526.73 YaBrowser/16.2.0.2568 (beta) Safari/537.36"
185.151.245.196 - - [10/Sep/2025:02:11:19 +0600] "POST /input.php HTTP/2" 200 808 "-" "Mozilla/5.0 (Windows NT 6.1; rv:29.0) Gecko/20100101 Firefox/29.0"
185.151.245.196 - - [10/Sep/2025:02:12:16 +0600] "POST /input.php HTTP/2" 200 49 "-" "Mozilla/5.0 (Windows NT 10.0; Win64; x64; rv:25.8) Gecko/20151126 Firefox/31.9 PaleMoon/25.8.1"
185.151.245.196 - - [10/Sep/2025:02:12:19 +0600] "POST /input.php HTTP/2" 200 49 "-" "Mozilla/5.0 (Windows NT 6.1; WOW64; rv:44.0) Gecko/20100101 Firefox/44.0"
185.151.245.196 - - [10/Sep/2025:02:12:32 +0600] "POST /input.php HTTP/2" 200 49 "-" "Mozilla/5.0 (Windows; U; Windows NT 5.1; en-US) AppleWebKit/533.20.25 (KHTML, like Gecko) Version/5.0.3 Safari/533.19.4"
185.151.245.196 - - [10/Sep/2025:02:12:47 +0600] "POST /input.php HTTP/2" 200 49 "-" "Opera/9.80 (Windows NT 6.1; WOW64; MRA 6.2 (build 7528)) Presto/2.12.388 Version/12.15"
185.151.245.196 - - [10/Sep/2025:02:13:12 +0600] "POST /input.php HTTP/2" 200 49 "-" "Mozilla/5.0 (Windows; U; Windows NT 5.1; it-IT) AppleWebKit/533.20.25 (KHTML, like Gecko) Version/5.0.3 Safari/533.19.4"
185.151.245.196 - - [10/Sep/2025:02:13:28 +0600] "POST /input.php HTTP/2" 200 49 "-" "Mozilla/5.0 (X11; Linux x86_64; rv:5.0) Gecko/20100101 Firefox/5.0 Firefox/5.0"
185.151.245.196 - - [10/Sep/2025:02:14:16 +0600] "POST /input.php HTTP/2" 200 49 "-" "Mozilla/5.0 (Windows NT 6.1; WOW64; rv:33.0) Gecko/20120101 Firefox/33.0"
185.151.245.196 - - [10/Sep/2025:02:14:44 +0600] "POST /input.php HTTP/2" 200 49 "-" "Mozilla/5.0 (Macintosh; U; Intel Mac OS X 10_6_7; da-dk) AppleWebKit/533.21.1 (KHTML, like Gecko) Version/5.0.5 Safari/533.21.1"
185.151.245.196 - - [10/Sep/2025:02:15:12 +0600] "POST /input.php HTTP/2" 200 49 "-" "Mozilla/5.0 (Windows NT 6.3; WOW64; rv:31.0) Gecko/20100101 Firefox/31.0"
185.151.245.196 - - [10/Sep/2025:02:15:44 +0600] "POST /input.php HTTP/2" 200 49 "-" "Mozilla/5.0 (Windows NT 6.1; Win64; x64; rv:44.0) Gecko/20100101 Firefox/44.0"
185.151.245.196 - - [10/Sep/2025:02:07:00 +0600] "POST /input.php HTTP/2" 200 49 "-" "Mozilla/5.0 (Windows NT 6.1; WOW64) AppleWebKit/537.36 (KHTML, like Gecko) Chrome/44.0.2403.130 Safari/537.36"
185.151.245.196 - - [10/Sep/2025:02:07:18 +0600] "POST /input.php HTTP/2" 200 49 "-" "Mozilla/5.0 (X11; U; Linux i686; en-US; rv:1.9.1.2) Gecko/20090729 Firefox/3.5.2"
185.151.245.196 - - [10/Sep/2025:02:07:22 +0600] "POST /input.php HTTP/2" 200 49 "-" "Mozilla/5.0 (Windows NT 5.1; rv:2.0b8pre) Gecko/20101127 Firefox/4.0b8pre"
185.151.245.196 - - [10/Sep/2025:02:07:38 +0600] "POST /input.php HTTP/2" 200 49 "-" "Mozilla/5.0 (Macintosh; U; Intel Mac OS X 10_6_3; HTC_Flyer_P510e; en-ua) AppleWebKit/533.16 (KHTML, like Gecko) Version/5.0 Safari/533.16"
185.151.245.196 - - [10/Sep/2025:02:07:50 +0600] "POST /input.php HTTP/2" 200 49 "-" "Mozilla/5.0 (Macintosh; Intel Mac OS X 10_11_1) AppleWebKit/601.2.7 (KHTML, like Gecko) Version/9.0.1 Safari/601.2.7"
185.151.245.196 - - [10/Sep/2025:02:08:57 +0600] "POST /input.php HTTP/2" 200 49 "-" "Mozilla/5.0 (Windows NT 5.1) AppleWebKit/537.36 (KHTML, like Gecko) Chrome/28.0.1500.95 YaBrowser/13.10.1500.9323 Safari/537.36"
185.151.245.196 - - [10/Sep/2025:02:10:00 +0600] "POST /input.php HTTP/2" 200 49 "-" "Mozilla/5.0 (Linux armv6l; Maemo; Opera Mobi/8; U; en-GB; rv:1.9.1.6) Gecko/20091201 Firefox/3.5.6 Opera 11.00"
185.151.245.196 - - [10/Sep/2025:02:11:04 +0600] "POST /input.php HTTP/2" 200 49 "-" "Mozilla/5.0 (Macintosh; Intel Mac OS X 10_6_7) AppleWebKit/534.24 (KHTML, like Gecko) Chrome/11.0.696.68 Safari/534.24"
185.151.245.196 - - [10/Sep/2025:02:12:37 +0600] "POST /input.php HTTP/2" 200 49 "-" "Mozilla/5.0 (Windows NT 5.1) AppleWebKit/537.36 (KHTML, like Gecko) Chrome/47.0.2526.111 YaBrowser/16.2.0.3539 Safari/537.36"
185.151.245.196 - - [10/Sep/2025:02:13:08 +0600] "POST /input.php HTTP/2" 200 828 "-" "Mozilla/5.0 (Windows NT 6.2) AppleWebKit/537.36 (KHTML, like Gecko) Chrome/46.0.2490.86 YaBrowser/15.12.1.6475 Safari/537.36"
185.151.245.196 - - [10/Sep/2025:02:13:53 +0600] "POST /input.php HTTP/2" 200 49 "-" "Mozilla/5.0 (Windows NT 5.1) AppleWebKit/537.36 (KHTML, like Gecko) Chrome/48.0.2564.97 Safari/537.36"
185.151.245.196 - - [10/Sep/2025:02:14:28 +0600] "POST /input.php HTTP/2" 200 49 "-" "Mozilla/5.0 (Windows NT 6.2; WOW64) AppleWebKit/537.36 (KHTML, like Gecko) Chrome/37.0.2062.122 Safari/537.36 OPR/24.0.1558.64"
185.151.245.196 - - [10/Sep/2025:02:14:38 +0600] "POST /input.php HTTP/2" 200 49 "-" "Mozilla/5.0 (compatible; MSIE 10.0; Windows NT 6.1; Trident/7.0)"
185.151.245.196 - - [10/Sep/2025:02:14:41 +0600] "POST /input.php HTTP/2" 200 49 "-" "Mozilla/5.0 (Windows; U; Windows NT 6.0; nl; rv:1.9.2.6) Gecko/20100625 Firefox/3.6.6"
185.151.245.196 - - [10/Sep/2025:02:14:58 +0600] "POST /input.php HTTP/2" 200 49 "-" "Mozilla/5.0 (Windows; U; Windows NT 5.1; de) AppleWebKit/522.15.5 (KHTML, like Gecko) Version/3.0.3 Safari/522.15.5"
185.151.245.196 - - [10/Sep/2025:02:15:02 +0600] "POST /input.php HTTP/2" 200 49 "-" "Mozilla/5.0 (Windows NT 10.0; WOW64) AppleWebKit/537.36 (KHTML, like Gecko) Chrome/46.0.2490.86 YaBrowser/15.12.1.6476 Yowser/2.5 Safari/537.36"
185.151.245.196 - - [10/Sep/2025:02:15:28 +0600] "POST /input.php HTTP/2" 200 49 "-" "Mozilla/5.0 (Windows; U; Windows NT 6.0; tr-TR) AppleWebKit/533.18.1 (KHTML, like Gecko) Version/5.0.2 Safari/533.18.5"
185.151.245.196 - - [10/Sep/2025:02:15:53 +0600] "POST /input.php HTTP/2" 200 49 "-" "Mozilla/5.0 (Macintosh; Intel Mac OS X 10_7_3) AppleWebKit/534.55.3 (KHTML, like Gecko) Version/5.1.3 Safari/534.53.10"
185.151.245.196 - - [10/Sep/2025:02:16:17 +0600] "POST /input.php HTTP/2" 200 49 "-" "Opera/9.80 (Windows NT 6.1; WOW64) Presto/2.12.388 Version/12.17"
185.151.245.196 - - [10/Sep/2025:02:16:21 +0600] "POST /input.php HTTP/2" 200 49 "-" "Mozilla/5.0 (Windows NT 6.1; WOW64) AppleWebKit/537.36 (KHTML, like Gecko) Chrome/42.0.2311.90 Safari/537.36 OPR/29.0.1795.47 (Edition Yx)"
185.151.245.196 - - [10/Sep/2025:02:17:11 +0600] "POST /input.php HTTP/2" 200 49 "-" "Opera/9.80 (Windows NT 6.1; WOW64) Presto/2.12.388 Version/12.16"
185.151.245.196 - - [10/Sep/2025:02:17:46 +0600] "POST /input.php HTTP/2" 200 49 "-" "Mozilla/5.0 (Windows NT 6.1) AppleWebKit/537.36 (KHTML, like Gecko) Chrome/48.0.2564.97 Safari/537.36"
185.151.245.196 - - [10/Sep/2025:02:18:31 +0600] "POST /input.php HTTP/2" 200 49 "-" "Mozilla/5.0 (Macintosh; U; Intel Mac OS X 10_6_6; it-it) AppleWebKit/533.20.25 (KHTML, like Gecko) Version/5.0.4 Safari/533.20.27"
20.171.207.158 - - [10/Sep/2025:02:19:25 +0600] "GET /buy.php/item/y632/4692815 HTTP/2" 200 0 "-" "Mozilla/5.0 AppleWebKit/537.36 (KHTML, like Gecko; compatible; GPTBot/1.2; +https://openai.com/gptbot)"
20.171.207.158 - - [10/Sep/2025:02:19:28 +0600] "GET /buy.php/item/q915/4568893 HTTP/2" 200 0 "-" "Mozilla/5.0 AppleWebKit/537.36 (KHTML, like Gecko; compatible; GPTBot/1.2; +https://openai.com/gptbot)"
185.151.245.196 - - [10/Sep/2025:02:19:34 +0600] "POST /input.php HTTP/2" 200 49 "-" "Mozilla/5.0 (Windows NT 5.1) AppleWebKit/537.36 (KHTML, like Gecko) Chrome/48.0.2564.103 Safari/537.36"
185.151.245.196 - - [10/Sep/2025:02:20:00 +0600] "POST /input.php HTTP/2" 200 49 "-" "Mozilla/5.0 (Windows NT 10.0) AppleWebKit/537.36 (KHTML, like Gecko) Chrome/46.0.2486.0 Safari/537.36 Edge/13.10586"
20.171.207.158 - - [10/Sep/2025:02:20:06 +0600] "GET /buy.php/item/o343/4770862 HTTP/2" 200 0 "-" "Mozilla/5.0 AppleWebKit/537.36 (KHTML, like Gecko; compatible; GPTBot/1.2; +https://openai.com/gptbot)"
185.151.245.196 - - [10/Sep/2025:02:20:14 +0600] "POST /input.php HTTP/2" 200 1151 "-" "Mozilla/5.0 (Windows NT 6.3; WOW64; rv:38.0) Gecko/20100101 Firefox/38.0"
185.151.245.196 - - [10/Sep/2025:02:20:46 +0600] "POST /input.php HTTP/2" 200 49 "-" "Mozilla/5.0 (Windows NT 5.1) AppleWebKit/537.36 (KHTML, like Gecko) Chrome/45.0.2454.107 Amigo/45.0.2454.107 MRCHROME SOC Safari/537.36"
20.171.207.158 - - [10/Sep/2025:02:21:11 +0600] "GET /jp/NTI0MTI2OQ HTTP/2" 200 0 "-" "Mozilla/5.0 AppleWebKit/537.36 (KHTML, like Gecko; compatible; GPTBot/1.2; +https://openai.com/gptbot)"
185.151.245.196 - - [10/Sep/2025:02:21:39 +0600] "POST /input.php HTTP/2" 200 49 "-" "Mozilla/5.0 (X11; Linux x86_64) AppleWebKit/535.21 (KHTML, like Gecko) Chrome/19.0.1042.0 Safari/535.21"
185.151.245.196 - - [10/Sep/2025:02:21:51 +0600] "POST /input.php HTTP/2" 200 49 "-" "Mozilla/5.0 (Linux armv6l; Maemo; Opera Mobi/8; U; en-GB; rv:1.9.1.6) Gecko/20091201 Firefox/3.5.6 Opera 11.00"
20.171.207.158 - - [10/Sep/2025:02:22:43 +0600] "GET /jp/MTg0MzY0NA HTTP/2" 200 0 "-" "Mozilla/5.0 AppleWebKit/537.36 (KHTML, like Gecko; compatible; GPTBot/1.2; +https://openai.com/gptbot)"
185.151.245.196 - - [10/Sep/2025:02:16:36 +0600] "POST /input.php HTTP/2" 200 813 "-" "Mozilla/5.0 (Windows NT 6.1; rv:34.0) Gecko/20100101 Firefox/34.0"
185.151.245.196 - - [10/Sep/2025:02:17:19 +0600] "POST /input.php HTTP/2" 200 49 "-" "Mozilla/5.0 (Windows NT 6.1) AppleWebKit/537.36 (KHTML, like Gecko) Chrome/48.0.2564.103 Safari/537.36"
185.151.245.196 - - [10/Sep/2025:02:17:22 +0600] "POST /input.php HTTP/2" 200 1145 "-" "Mozilla/5.0 (compatible; MSIE 10.0; Windows NT 6.2; WOW64; Trident/6.0; MAAU; MAAU)"
185.151.245.196 - - [10/Sep/2025:02:17:29 +0600] "POST /input.php HTTP/2" 200 711 "-" "Mozilla/5.0 (Windows NT 6.1) AppleWebKit/537.36 (KHTML, like Gecko) Chrome/46.0.2490.86 YaBrowser/15.12.1.6758 Safari/537.36"
185.151.245.196 - - [10/Sep/2025:02:19:25 +0600] "POST /input.php HTTP/2" 200 49 "-" "Mozilla/5.0 (Windows NT 6.3; WOW64) AppleWebKit/537.36 (KHTML, like Gecko) Chrome/46.0.2490.86 YaBrowser/15.12.1.6475 Safari/537.36"
185.151.245.196 - - [10/Sep/2025:02:19:46 +0600] "POST /input.php HTTP/2" 200 1152 "-" "Mozilla/5.0 (Windows NT 6.1; WOW64; rv:2.0b7) Gecko/20101111 Firefox/4.0b7"
185.151.245.196 - - [10/Sep/2025:02:20:03 +0600] "POST /input.php HTTP/2" 200 49 "-" "Opera/9.80 (Windows NT 6.0; WOW64) Presto/2.12.388 Version/12.17"
185.151.245.196 - - [10/Sep/2025:02:20:39 +0600] "POST /input.php HTTP/2" 200 1144 "-" "Mozilla/5.0 (Macintosh; Intel Mac OS X 10.9; rv:29.0) Gecko/20100101 Firefox/29.0"
185.151.245.196 - - [10/Sep/2025:02:20:56 +0600] "POST /input.php HTTP/2" 200 49 "-" "Mozilla/5.0 (Windows NT 6.3; WOW64) AppleWebKit/537.36 (KHTML, like Gecko) Chrome/44.0.2403.157 YaBrowser/15.9.2403.2966 Yowser/2.5 Safari/537.36"
185.151.245.196 - - [10/Sep/2025:02:21:01 +0600] "POST /input.php HTTP/2" 200 49 "-" "Mozilla/5.0 (Windows NT 6.1; Win64; x64; rv:43.0) Gecko/20100101 Firefox/43.0"
185.151.245.196 - - [10/Sep/2025:02:21:21 +0600] "POST /input.php HTTP/2" 200 49 "-" "Opera/9.80 (Windows NT 6.1; Edition DriverPack) Presto/2.12.388 Version/12.15"
185.151.245.196 - - [10/Sep/2025:02:21:25 +0600] "POST /input.php HTTP/2" 200 49 "-" "Opera/9.80 (Windows NT 6.0; MRA 6.0 (build 5831)) Presto/2.12.388 Version/12.17"
185.151.245.196 - - [10/Sep/2025:02:21:33 +0600] "POST /input.php HTTP/2" 200 49 "-" "Mozilla/5.0 (Windows NT 6.1; WOW64) AppleWebKit/537.36 (KHTML, like Gecko) Chrome/28.1.1500.75 Safari/537.36 MRCHROME ODKL"
